{"id":1684,"date":"2019-05-22T13:10:05","date_gmt":"2019-05-22T11:10:05","guid":{"rendered":"http:\/\/www.sustainablesweden.org\/?page_id=1684"},"modified":"2019-05-22T15:31:56","modified_gmt":"2019-05-22T13:31:56","slug":"livres","status":"publish","type":"page","link":"https:\/\/www.sustainablesweden.org\/?page_id=1684&lang=fr","title":{"rendered":"Livres"},"content":{"rendered":"<p style=\"text-align: justify;\"><i><span style=\"font-weight: 400;\">Ici, vous pouvez retrouver une s\u00e9lection de livres inspirants qui mettent en lumi\u00e8re les d\u00e9fis auxquels doivent faire face l&#8217;humanit\u00e9 et la plan\u00e8te. Ce sont des sources qui permettent une r\u00e9elle prise de conscience des enjeux actuels et qui donnent des r\u00e9ponses pour aller vers un monde durable, avant qu&#8217;il ne soit trop tard&#8230;<\/span><\/i><\/p>\n<p style=\"text-align: justify;\"><b><a href=\"http:\/\/www.sustainablesweden.org\/wp-content\/uploads\/2019\/05\/the-limits-to-growth-4.jpg\"><img decoding=\"async\" loading=\"lazy\" class=\"alignleft wp-image-1687\" src=\"http:\/\/www.sustainablesweden.org\/wp-content\/uploads\/2019\/05\/the-limits-to-growth-4-178x300.jpg\" alt=\"\" width=\"114\" height=\"192\" srcset=\"https:\/\/www.sustainablesweden.org\/wp-content\/uploads\/2019\/05\/the-limits-to-growth-4-178x300.jpg 178w, https:\/\/www.sustainablesweden.org\/wp-content\/uploads\/2019\/05\/the-limits-to-growth-4.jpg 232w\" sizes=\"(max-width: 114px) 100vw, 114px\" \/><\/a>*Titre: <\/b><i><span style=\"font-weight: 400;\">Les Limites \u00e0 la Croissance<\/span><\/i><span style=\"font-weight: 400;\">\u00a0\u2013 Un Rapport au Club de Rome<\/span><\/p>\n<p style=\"text-align: justify;\"><b>*Auteurs: <\/b><span style=\"font-weight: 400;\">Donella H. Meadows, Dennis L. Meadows, Jorgen Randers William W. Behrens III<\/span><\/p>\n<p style=\"text-align: justify;\"><b>*Editeur<\/b><span style=\"font-weight: 400;\">: Universe Books<\/span><\/p>\n<p style=\"text-align: justify;\"><b>*Ann\u00e9e: <\/b><span style=\"font-weight: 400;\">1972<\/span><\/p>\n<p style=\"text-align: justify;\"><b>*R\u00e9sum\u00e9: <\/b>&#8220;En 1972, quatre jeunes scientifiques du MIT r\u00e9digent \u00e0 la demande du Club de Rome un rapport qu\u2019ils intitulent The Limits to Growth. Celui-ci va choquer le monde et devenir un best-seller international. Pour la premi\u00e8re fois, leur recherche \u00e9tablit les cons\u00e9quences dramatiques sur le plan \u00e9cologique d\u2019une croissance \u00e9conomique et d\u00e9mographique exponentielle dans un monde fini. Leur analyse repose sur le mod\u00e8le \u00ab World3 \u00bb, qui permet une simulation informatique des interactions entre population, croissance industrielle, production alimentaire et limites des \u00e9cosyst\u00e8mes terrestres. Ce rapport para\u00eet avant la premi\u00e8re crise p\u00e9troli\u00e8re de 1973, et pour beaucoup d\u2019esprits, la croissance \u00e9conomique est alors un fait durable, qui ne saurait \u00eatre discut\u00e9. En 2004, les auteurs reprennent leur analyse et l\u2019enrichissent de donn\u00e9es accumul\u00e9es durant trois d\u00e9cennies d\u2019expansion sans limites : l\u2019impact destructeur des activit\u00e9s humaines sur les processus naturels les conforte d\u00e9finitivement dans leur raisonnement. En 1972, la probl\u00e9matique centrale du livre \u00e9tait : \u00ab comment \u00e9viter le d\u00e9passement \u00bb ; l\u2019enjeu est d\u00e9sormais : \u00ab comment proc\u00e9der pour que nos activit\u00e9s ralentissent et puissent tenir dans les limites de la plan\u00e8te \u00bb. Ce livre propose donc la derni\u00e8re version du Rapport Meadows, \u00e0 un moment o\u00f9 la crise majeure que nous traversons jette une lumi\u00e8re crue sur la dynamique de la croissance et ses effets.&#8221;<\/p>\n<p style=\"text-align: justify;\"><b>*Tit<a href=\"http:\/\/www.sustainablesweden.org\/wp-content\/uploads\/2019\/05\/Come-On-copy-200x300-1.jpg\"><img decoding=\"async\" loading=\"lazy\" class=\"alignleft wp-image-1691\" src=\"http:\/\/www.sustainablesweden.org\/wp-content\/uploads\/2019\/05\/Come-On-copy-200x300-1-200x300.jpg\" alt=\"\" width=\"131\" height=\"197\" \/><\/a>re: <\/b><i><span style=\"font-weight: 400;\">Come on! Capitalism, Short-termism, Population and the Destruction of the Planet \u2013 A Report to the Club of Rome<\/span><\/i><\/p>\n<p style=\"text-align: justify;\"><b>*Auteurs: <\/b><span style=\"font-weight: 400;\">Ernst Von Weizsaecker &amp; Anders Wijkman<\/span><\/p>\n<p style=\"text-align: justify;\"><b>*Editeurs: <\/b><span style=\"font-weight: 400;\">Springer Editions<\/span><\/p>\n<p style=\"text-align: justify;\"><b>*Ann\u00e9e: <\/b><span style=\"font-weight: 400;\">2017<\/span><\/p>\n<p style=\"text-align: justify;\"><b>*R\u00e9sum\u00e9<\/b><span style=\"font-weight: 400;\">:<\/span> <span style=\"font-weight: 400;\">\u201cLes tendances mondiales actuelles ne sont pas durables. Les avertissements du Club de Rome publi\u00e9s dans le livre <em>Les limites \u00e0 la Croissance<\/em> sont toujours valables. Les rem\u00e8des qui sont acceptables pour la grande majorit\u00e9 ont tendance \u00e0 empirer les choses.<\/span><span style=\"font-weight: 400;\">\u00a0Il semblerait que l&#8217;on soit<\/span>\u00a0dans une crise philosophique. Le pape Fran\u00e7ois le dit clairement : &#8220;notre maison commune est en danger de mort&#8221;. En analysant la crise philosophique, le livre conclut que le monde semble avoir besoin d&#8217;une &#8221; nouvelle illumination &#8220;, qui ne se fonde pas uniquement sur la doctrine, mais plut\u00f4t sur un \u00e9quilibre entre les humains et la nature, ainsi qu&#8217;un \u00e9quilibre entre les march\u00e9s et l&#8217;\u00c9tat, et entre le court et le long termes. Pour ce faire, nous devons abandonner le travail en &#8220;silos&#8221; au profit d&#8217;une approche plus syst\u00e9mique qui nous obligera \u00e0 repenser l&#8217;organisation de la science et de l&#8217;\u00e9ducation. Cependant, nous devons agir maintenant ; le monde ne peut pas attendre que 7,6 milliards de personnes aient lutt\u00e9 pour atteindre une nouvelle illumination. Cet ouvrage regorge d&#8217;\u00e9tudes de cas et de propositions politiques optimistes qui nous ram\u00e8neront sur la voie de la durabilit\u00e9. Mais il est \u00e9galement n\u00e9cessaire d&#8217;aborder le sujet tabou de l&#8217;accroissement d\u00e9mographique. Les pays dont la population est stable s&#8217;en sortent\u00a0beaucoup\u00a0mieux que ceux dont la population ne cesse d&#8217;augmenter&#8221;.<\/p>\n<p style=\"text-align: justify;\"><b>*Titr<a href=\"http:\/\/www.sustainablesweden.org\/wp-content\/uploads\/2019\/05\/711xid44ZSL-1.jpg\"><img decoding=\"async\" loading=\"lazy\" class=\"alignleft wp-image-1692\" src=\"http:\/\/www.sustainablesweden.org\/wp-content\/uploads\/2019\/05\/711xid44ZSL-1-197x300.jpg\" alt=\"\" width=\"125\" height=\"190\" srcset=\"https:\/\/www.sustainablesweden.org\/wp-content\/uploads\/2019\/05\/711xid44ZSL-1-197x300.jpg 197w, https:\/\/www.sustainablesweden.org\/wp-content\/uploads\/2019\/05\/711xid44ZSL-1-768x1170.jpg 768w, https:\/\/www.sustainablesweden.org\/wp-content\/uploads\/2019\/05\/711xid44ZSL-1-672x1024.jpg 672w, https:\/\/www.sustainablesweden.org\/wp-content\/uploads\/2019\/05\/711xid44ZSL-1-840x1280.jpg 840w, https:\/\/www.sustainablesweden.org\/wp-content\/uploads\/2019\/05\/711xid44ZSL-1.jpg 1399w\" sizes=\"(max-width: 125px) 100vw, 125px\" \/><\/a>e: <\/b><i><span style=\"font-weight: 400;\">This Changes Everything: Capitalism vs. the Climate<\/span><\/i><\/p>\n<p style=\"text-align: justify;\"><b>*Auteur: <\/b><span style=\"font-weight: 400;\">Naomi Klein<\/span><\/p>\n<p style=\"text-align: justify;\"><b>*Editeur: <\/b><span style=\"font-weight: 400;\">Simon &amp; Schuster Editions<\/span><\/p>\n<p style=\"text-align: justify;\"><b>*Ann\u00e9e: <\/b><span style=\"font-weight: 400;\">2014<\/span><\/p>\n<p style=\"text-align: justify;\"><b>*R\u00e9sum\u00e9<\/b><span style=\"font-weight: 400;\">:\u00a0&#8220;Le livre le plus important jamais publi\u00e9 par l&#8217;auteur du best-seller international <i>La Strat\u00e9gie du Choc<\/i>, une explication brillante des raisons pour lesquelles la crise climatique nous pousse \u00e0 abandonner l&#8217;id\u00e9ologie fondamentale du &#8221; libre march\u00e9 &#8221; de notre \u00e9poque, \u00e0 restructurer l&#8217;\u00e9conomie mondiale et \u00e0 refonder nos syst\u00e8mes politiques. Bref, soit nous\u00a0op\u00e9rons\u00a0nous-m\u00eames le changement radical, soit les changements radicaux se ressentiront sur notre monde physique. Le statu quo n&#8217;est plus une option.<\/span><\/p>\n<p><b><i>*<\/i><\/b><b>Titre<a href=\"http:\/\/www.sustainablesweden.org\/wp-content\/uploads\/2019\/05\/41411fzKVHL._BO1204203200_-1.jpg\"><img decoding=\"async\" loading=\"lazy\" class=\"alignleft wp-image-1693\" src=\"http:\/\/www.sustainablesweden.org\/wp-content\/uploads\/2019\/05\/41411fzKVHL._BO1204203200_-1.jpg\" alt=\"\" width=\"139\" height=\"173\" \/><\/a><\/b><i><span style=\"font-weight: 400;\">: L&#8217;Economie bleue: 10 ans, 100 innovations, 100 millions d&#8217;emplois<\/span><\/i><\/p>\n<p><b>*Auteur<\/b><span style=\"font-weight: 400;\">: Gunter Pauli<\/span><\/p>\n<p><b>*Editeur<\/b>:\u00a0Paradigm Publications<\/p>\n<p><b>*Ann\u00e9e<\/b><span style=\"font-weight: 400;\">: 2010<\/span><\/p>\n<p><b>*R\u00e9sum\u00e9<\/b><span style=\"font-weight: 400;\">: \u201cR\u00e9inventer le mod\u00e8le \u00e9conomique actuel consum\u00e9riste et gaspilleur est une v\u00e9ritable opportunit\u00e9. L\u2019Economie Bleue explique que les questions de r\u00e9g\u00e9n\u00e9ration vont au-del\u00e0 de la pr\u00e9servation ou de la conservation. L\u2019Economie Bleue ne recycle pas, elle r\u00e9g\u00e9n\u00e8re. D\u2019une certain fa\u00e7on, l\u2019Economie Bleue consiste \u00e0 s\u2019assurer qu\u2019un \u00e9cosyst\u00e8me maintient ses r\u00e8gles \u00e9volutives afin que tous puissent b\u00e9n\u00e9ficier des flux infinis de la Nature en mati\u00e8re de cr\u00e9ativit\u00e9, adaptabilit\u00e9 et abondance. Inspirons-nous des \u00e9cosyst\u00e8mes pour produire sans d\u00e9truire, pour transformer nos d\u00e9chets, pour faire mieux plut\u00f4t qu\u2019un peu mieux&#8230;&#8221;<\/span><\/p>\n","protected":false},"excerpt":{"rendered":"<p>Ici, vous pouvez retrouver une s\u00e9lection de livres inspirants qui mettent en lumi\u00e8re les d\u00e9fis auxquels doivent faire face l&#8217;humanit\u00e9 et la plan\u00e8te. Ce sont des sources qui permettent une r\u00e9elle prise de conscience des enjeux actuels et qui donnent des r\u00e9ponses pour aller vers un monde durable, avant qu&#8217;il ne soit trop tard&#8230; *Titre: [&hellip;]<\/p>\n","protected":false},"author":1,"featured_media":0,"parent":0,"menu_order":0,"comment_status":"closed","ping_status":"closed","template":"","meta":{"_et_pb_use_builder":"","_et_pb_old_content":"","_et_gb_content_width":"","footnotes":""},"_links":{"self":[{"href":"https:\/\/www.sustainablesweden.org\/index.php?rest_route=\/wp\/v2\/pages\/1684"}],"collection":[{"href":"https:\/\/www.sustainablesweden.org\/index.php?rest_route=\/wp\/v2\/pages"}],"about":[{"href":"https:\/\/www.sustainablesweden.org\/index.php?rest_route=\/wp\/v2\/types\/page"}],"author":[{"embeddable":true,"href":"https:\/\/www.sustainablesweden.org\/index.php?rest_route=\/wp\/v2\/users\/1"}],"replies":[{"embeddable":true,"href":"https:\/\/www.sustainablesweden.org\/index.php?rest_route=%2Fwp%2Fv2%2Fcomments&post=1684"}],"version-history":[{"count":3,"href":"https:\/\/www.sustainablesweden.org\/index.php?rest_route=\/wp\/v2\/pages\/1684\/revisions"}],"predecessor-version":[{"id":1696,"href":"https:\/\/www.sustainablesweden.org\/index.php?rest_route=\/wp\/v2\/pages\/1684\/revisions\/1696"}],"wp:attachment":[{"href":"https:\/\/www.sustainablesweden.org\/index.php?rest_route=%2Fwp%2Fv2%2Fmedia&parent=1684"}],"curies":[{"name":"wp","href":"https:\/\/api.w.org\/{rel}","templated":true}]}}