{"id":1698,"date":"2019-05-22T16:01:01","date_gmt":"2019-05-22T14:01:01","guid":{"rendered":"http:\/\/www.sustainablesweden.org\/?page_id=1698"},"modified":"2019-05-22T16:01:01","modified_gmt":"2019-05-22T14:01:01","slug":"conferences","status":"publish","type":"page","link":"https:\/\/www.sustainablesweden.org\/?page_id=1698&lang=fr","title":{"rendered":"Conf\u00e9rences"},"content":{"rendered":"<p><i>Ici, vous pouvez retrouver une s\u00e9lection de conf\u00e9rences inspirantes qui mettent en lumi\u00e8re les d\u00e9fis auxquels doivent faire face l\u2019humanit\u00e9 et la plan\u00e8te. Ce sont des sources qui permettent une r\u00e9elle prise de conscience des enjeux actuels et qui donnent des r\u00e9ponses pour aller vers un monde durable, avant qu\u2019il ne soit trop tard\u2026<\/i><\/p>\n<ul>\n<li style=\"font-weight: 400;\"><i><span style=\"font-weight: 400;\">Comment passer de l&#8217;Actuelle Crise \u00e0 une Economie Stable pour servir le Bien Commun?<\/span><\/i><span style=\"font-weight: 400;\">\u00a0&#8211; Manfred Max-Neef; Keynote at Zermatt Summit 2012 <\/span><span style=\"font-weight: 400;\"><a href=\"https:\/\/www.youtube.com\/watch?v=5EURJI9x9Qs\">https:\/\/www.youtube.com\/watch?v=5EURJI9x9Qs<\/a>\u00a0<\/span><\/li>\n<li style=\"font-weight: 400;\"><i><span style=\"font-weight: 400;\">D\u00e9veloppement Durable Strat\u00e9gique<\/span><\/i><span style=\"font-weight: 400;\">\u00a0\u2013 TEDxKarlskrona &#8211; Karl-Henrik Rob\u00e8rt; <\/span><a href=\"https:\/\/www.youtube.com\/watch?v=_x4e3tnuCgc\"><span style=\"font-weight: 400;\">https:\/\/www.youtube.com\/watch?v=_x4e3tnuCgc<\/span><\/a><\/li>\n<li style=\"font-weight: 400;\"><i><span style=\"font-weight: 400;\">Un Cadre F\u00e9d\u00e9rateur pour un D\u00e9veloppement Durable; <\/span><\/i><span style=\"font-weight: 400;\">TEDxM\u00e4laren &#8211; Karl-Henrik Rob\u00e8rt &#8211; <\/span><a href=\"https:\/\/www.youtube.com\/watch?v=_WqRhxLftAg\"><span style=\"font-weight: 400;\">https:\/\/www.youtube.com\/watch?v=_WqRhxLftAg<\/span><\/a><\/li>\n<li style=\"font-weight: 400;\"><i><span style=\"font-weight: 400;\">Cela Change tout<\/span><\/i><span style=\"font-weight: 400;\">, Naomi Klein, 12th Annual San Miguel Writer&#8217;s Conference <\/span><a href=\"https:\/\/www.youtube.com\/watch?v=RFQuQaDtA40\"><span style=\"font-weight: 400;\">https:\/\/www.youtube.com\/watch?v=RFQuQaDtA40<\/span><\/a><\/li>\n<\/ul>\n","protected":false},"excerpt":{"rendered":"<p>Ici, vous pouvez retrouver une s\u00e9lection de conf\u00e9rences inspirantes qui mettent en lumi\u00e8re les d\u00e9fis auxquels doivent faire face l\u2019humanit\u00e9 et la plan\u00e8te. Ce sont des sources qui permettent une r\u00e9elle prise de conscience des enjeux actuels et qui donnent des r\u00e9ponses pour aller vers un monde durable, avant qu\u2019il ne soit trop tard\u2026 Comment [&hellip;]<\/p>\n","protected":false},"author":1,"featured_media":0,"parent":0,"menu_order":0,"comment_status":"closed","ping_status":"closed","template":"","meta":{"_et_pb_use_builder":"","_et_pb_old_content":"","_et_gb_content_width":"","footnotes":""},"_links":{"self":[{"href":"https:\/\/www.sustainablesweden.org\/index.php?rest_route=\/wp\/v2\/pages\/1698"}],"collection":[{"href":"https:\/\/www.sustainablesweden.org\/index.php?rest_route=\/wp\/v2\/pages"}],"about":[{"href":"https:\/\/www.sustainablesweden.org\/index.php?rest_route=\/wp\/v2\/types\/page"}],"author":[{"embeddable":true,"href":"https:\/\/www.sustainablesweden.org\/index.php?rest_route=\/wp\/v2\/users\/1"}],"replies":[{"embeddable":true,"href":"https:\/\/www.sustainablesweden.org\/index.php?rest_route=%2Fwp%2Fv2%2Fcomments&post=1698"}],"version-history":[{"count":1,"href":"https:\/\/www.sustainablesweden.org\/index.php?rest_route=\/wp\/v2\/pages\/1698\/revisions"}],"predecessor-version":[{"id":1699,"href":"https:\/\/www.sustainablesweden.org\/index.php?rest_route=\/wp\/v2\/pages\/1698\/revisions\/1699"}],"wp:attachment":[{"href":"https:\/\/www.sustainablesweden.org\/index.php?rest_route=%2Fwp%2Fv2%2Fmedia&parent=1698"}],"curies":[{"name":"wp","href":"https:\/\/api.w.org\/{rel}","templated":true}]}}