{"id":2466,"date":"2022-11-24T12:59:11","date_gmt":"2022-11-24T11:59:11","guid":{"rendered":"http:\/\/www.sustainablesweden.org\/?page_id=2466"},"modified":"2022-11-24T12:59:12","modified_gmt":"2022-11-24T11:59:12","slug":"peliculas-2","status":"publish","type":"page","link":"https:\/\/www.sustainablesweden.org\/?page_id=2466&lang=es","title":{"rendered":"Pel\u00edculas"},"content":{"rendered":"\n<p><em>Aqu\u00ed puede encontrar una selecci\u00f3n de pel\u00edculas inspiradoras que resaltan los desaf\u00edos que enfrenta la humanidad y el planeta.&nbsp;Son fuentes que permiten una toma de conciencia real de los problemas actuales, y tambi\u00e9n dan respuestas para avanzar hacia un mundo sostenible, antes de que sea demasiado tarde\u2026.<\/em><\/p>\n\n\n\n<div class=\"wp-block-image\"><figure class=\"alignleft\"><a href=\"https:\/\/www-sustainablesweden-org.translate.goog\/wp-content\/uploads\/2019\/05\/MV5BMjI4MTQwMDU0NV5BMl5BanBnXkFtZTgwMzEyMzA2MDE@._V1_UY268_CR90182268_AL_.jpg?_x_tr_sl=auto&amp;_x_tr_tl=es&amp;_x_tr_hl=fr&amp;_x_tr_pto=wapp&amp;_x_tr_sch=http\"><img decoding=\"async\" loading=\"lazy\" width=\"182\" height=\"268\" src=\"https:\/\/www-sustainablesweden-org.translate.goog\/wp-content\/uploads\/2019\/05\/MV5BMjI4MTQwMDU0NV5BMl5BanBnXkFtZTgwMzEyMzA2MDE@._V1_UY268_CR90182268_AL_.jpg?_x_tr_sl=auto&amp;_x_tr_tl=es&amp;_x_tr_hl=fr&amp;_x_tr_pto=wapp&amp;_x_tr_sch=http\" alt=\"\" class=\"wp-image-1663\"\/><\/a><\/figure><\/div>\n\n\n\n<p><strong>*T\u00edtulo:&nbsp;<\/strong><em>La doctrina del shock<\/em><\/p>\n\n\n\n<p><strong>* Director&nbsp;<\/strong>: Michael Winterbottom, Mat Whitecross<\/p>\n\n\n\n<p><strong>* Seg\u00fan el trabajo original de&nbsp;<\/strong>: Naomi Klein<\/p>\n\n\n\n<p><strong>* A\u00f1o&nbsp;<\/strong>: 2009<\/p>\n\n\n\n<p><strong>*Sinopsis&nbsp;<\/strong>: \u201cEn 2007, Naomi Klein public\u00f3&nbsp;<em>The Shock Strategy<\/em>.&nbsp;Un trauma colectivo, una guerra, un golpe de estado, un desastre natural, un atentado terrorista sumergen a cada individuo en un estado de shock.&nbsp;Despu\u00e9s del susto, volvemos a ser ni\u00f1os, ahora m\u00e1s inclinados a seguir a los l\u00edderes que dicen protegernos.&nbsp;Si hay una persona que entendi\u00f3 este fen\u00f3meno muy pronto, fue Milton Friedman, premio Nobel de econom\u00eda en 1976. Friedman, partidario del ultraliberalismo, aconsej\u00f3 a los pol\u00edticos que impusieran dolorosas reformas econ\u00f3micas inmediatamente despu\u00e9s de una crisis antes de que la gente tuviera tiempo de recuperarse. .&nbsp;Llam\u00f3 a este m\u00e9todo de tratamiento un tratamiento de choque.&nbsp;Naomi Klein lo llama una \u201cestrategia de choque\u201d.&nbsp;Usando numerosas im\u00e1genes de archivo, Michael Winterbottom y Mat Whitecross demuestran el poder del texto de Naomi Klein y la necesidad de resistir\u201d.<\/p>\n\n\n\n<p><strong>*Tr\u00e1iler&nbsp;<\/strong>:&nbsp;<a href=\"https:\/\/translate.google.com\/website?sl=auto&amp;tl=es&amp;hl=fr&amp;client=webapp&amp;u=https:\/\/www.youtube.com\/watch?v%3DRCQj-z86qUo\">https:\/\/www.youtube.com\/watch?v=RCQj-z86qUo<\/a><\/p>\n\n\n\n<div class=\"wp-block-image\"><figure class=\"alignleft\"><a href=\"https:\/\/www-sustainablesweden-org.translate.goog\/wp-content\/uploads\/2019\/05\/MV5BY2QyOTIxYzktYTg0My00YTRiLTlmYjgtZGYyNDBhNGQ0Nzg0XkEyXkFqcGdeQXVyMjU3NDEwNTA@._V1_UY268_CR30182268_AL_.jpg?_x_tr_sl=auto&amp;_x_tr_tl=es&amp;_x_tr_hl=fr&amp;_x_tr_pto=wapp&amp;_x_tr_sch=http\"><img decoding=\"async\" loading=\"lazy\" width=\"182\" height=\"268\" src=\"https:\/\/www-sustainablesweden-org.translate.goog\/wp-content\/uploads\/2019\/05\/MV5BY2QyOTIxYzktYTg0My00YTRiLTlmYjgtZGYyNDBhNGQ0Nzg0XkEyXkFqcGdeQXVyMjU3NDEwNTA@._V1_UY268_CR30182268_AL_.jpg?_x_tr_sl=auto&amp;_x_tr_tl=es&amp;_x_tr_hl=fr&amp;_x_tr_pto=wapp&amp;_x_tr_sch=http\" alt=\"\" class=\"wp-image-1664\"\/><\/a><\/figure><\/div>\n\n\n\n<p><strong>*T\u00edtulo&nbsp;<\/strong>:&nbsp;&nbsp;<em>\u00a1Alto!&nbsp;rodando el cambio<\/em><\/p>\n\n\n\n<p>*&nbsp;<strong>Directores&nbsp;<\/strong>: Alba Gonz\u00e1lez de Molina Soler, Blanca Ord\u00f3\u00f1ez de Tena<\/p>\n\n\n\n<p>*&nbsp;<strong>Productor&nbsp;<\/strong>: La Semilla<\/p>\n\n\n\n<p><strong>*A\u00f1o:&nbsp;<\/strong>2012<\/p>\n\n\n\n<p><strong>*Sinopsis:&nbsp;<\/strong>\u201c&nbsp;<em>\u00a1Alto!&nbsp;Rolling the change<\/em>&nbsp;es un documental grabado por un equipo de mujeres y financiado colectivamente\u201d.&nbsp;Durante un mes recorrimos diferentes alternativas entre Espa\u00f1a y Francia en busca de otras formas de vida m\u00e1s respetuosas con el medio ambiente y las personas que lo habitan.&nbsp;La teor\u00eda del decrecimiento en la que nos basamos alerta sobre la imposibilidad de seguir produciendo, como hasta ahora, un planeta cuyos recursos son finitos.&nbsp;Estos niveles de consumo nos han llevado a la desaparici\u00f3n de bosques, a tener r\u00edos y mares contaminados, alimentos intoxicados\u2026 todo alimentado por la especulaci\u00f3n financiera y una clase pol\u00edtica despreocupada tanto social como ambientalmente\u2026 \u00bfCu\u00e1nto m\u00e1s podemos esperar un cambio de paradigma a nivel mundial?&nbsp;\u00bfEs posible vivir feliz reduciendo dr\u00e1sticamente nuestras necesidades?\u201d<\/p>\n\n\n\n<p><strong>*Tr\u00e1iler&nbsp;<\/strong>:&nbsp;<a href=\"https:\/\/translate.google.com\/website?sl=auto&amp;tl=es&amp;hl=fr&amp;client=webapp&amp;u=https:\/\/www.youtube.com\/watch?v%3D_emFMucrVHw\">https:\/\/www.youtube.com\/watch?v=_emFMucrVHw<\/a><\/p>\n\n\n\n<div class=\"wp-block-image\"><figure class=\"alignleft\"><a href=\"https:\/\/www-sustainablesweden-org.translate.goog\/wp-content\/uploads\/2019\/05\/Demain.png?_x_tr_sl=auto&amp;_x_tr_tl=es&amp;_x_tr_hl=fr&amp;_x_tr_pto=wapp&amp;_x_tr_sch=http\"><img decoding=\"async\" loading=\"lazy\" width=\"202\" height=\"300\" src=\"https:\/\/www-sustainablesweden-org.translate.goog\/wp-content\/uploads\/2019\/05\/Demain-202x300.png?_x_tr_sl=auto&amp;_x_tr_tl=es&amp;_x_tr_hl=fr&amp;_x_tr_pto=wapp&amp;_x_tr_sch=http\" alt=\"\" class=\"wp-image-1665\" srcset=\"https:\/\/www.sustainablesweden.org\/wp-content\/uploads\/2019\/05\/Demain-202x300.png 202w, https:\/\/www.sustainablesweden.org\/wp-content\/uploads\/2019\/05\/Demain.png 220w\" sizes=\"(max-width: 202px) 100vw, 202px\" \/><\/a><\/figure><\/div>\n\n\n\n<p><strong>*T\u00edtulo:&nbsp;<\/strong><em>Ma\u00f1ana<\/em><\/p>\n\n\n\n<p><strong>*Directores&nbsp;<\/strong>: Cyril Dion y M\u00e9lanie Laurent<\/p>\n\n\n\n<p><strong>*Productor&nbsp;<\/strong>: Bajo la V\u00eda L\u00e1ctea<\/p>\n\n\n\n<p><strong>*A\u00f1o&nbsp;<\/strong>: 2015<\/p>\n\n\n\n<p><strong>*Sinopsis&nbsp;<\/strong>: \u201c\u00bfY si mostrar soluciones, contar una historia que es buena, fuera la mejor manera de resolver las crisis ecol\u00f3gica, econ\u00f3mica y social que atraviesan nuestros pa\u00edses?&nbsp;Tras la publicaci\u00f3n de un estudio que anunciaba la posible desaparici\u00f3n de una parte de la humanidad para el a\u00f1o 2100, Cyril Dion y M\u00e9lanie Laurent partieron con un equipo de cuatro personas a investigar en diez pa\u00edses para entender qu\u00e9 pod\u00eda provocar este desastre y sobre todo c\u00f3mo evitarlo.&nbsp;Durante su viaje conocieron a los pioneros que est\u00e1n reinventando la agricultura, la energ\u00eda, la econom\u00eda, la democracia y la educaci\u00f3n.&nbsp;Al juntar estas iniciativas positivas y concretas que ya est\u00e1n funcionando, est\u00e1n comenzando a ver lo que podr\u00eda ser el mundo del ma\u00f1ana\u2026\u201d<\/p>\n\n\n\n<p><strong>*Tr\u00e1iler&nbsp;<\/strong>:&nbsp;<a href=\"https:\/\/translate.google.com\/website?sl=auto&amp;tl=es&amp;hl=fr&amp;client=webapp&amp;u=https:\/\/www.tomorrow-documentary.com\/%23trailer-section\">https:\/\/www.tomorrow-documentary.com\/#trailer-section<\/a><\/p>\n\n\n\n<div class=\"wp-block-image\"><figure class=\"alignleft\"><a href=\"https:\/\/www-sustainablesweden-org.translate.goog\/wp-content\/uploads\/2019\/05\/MV5BMTgyNjg4NTQ3OF5BMl5BanBnXkFtZTcwNTc2ODk3Mg@@._V1_UY268_CR130182268_AL_.jpg?_x_tr_sl=auto&amp;_x_tr_tl=es&amp;_x_tr_hl=fr&amp;_x_tr_pto=wapp&amp;_x_tr_sch=http\"><img decoding=\"async\" loading=\"lazy\" width=\"182\" height=\"268\" src=\"https:\/\/www-sustainablesweden-org.translate.goog\/wp-content\/uploads\/2019\/05\/MV5BMTgyNjg4NTQ3OF5BMl5BanBnXkFtZTcwNTc2ODk3Mg@@._V1_UY268_CR130182268_AL_.jpg?_x_tr_sl=auto&amp;_x_tr_tl=es&amp;_x_tr_hl=fr&amp;_x_tr_pto=wapp&amp;_x_tr_sch=http\" alt=\"\" class=\"wp-image-1666\"\/><\/a><\/figure><\/div>\n\n\n\n<p><strong>*T\u00edtulo&nbsp;:&nbsp;<\/strong><em>\u00a1SUCIEDAD!&nbsp;La pel\u00edcula<\/em><\/p>\n\n\n\n<p><strong>*Directores&nbsp;<\/strong>: Bill Benenson y Gene Rosow<\/p>\n\n\n\n<p><strong>*Productor&nbsp;<\/strong>: Common Ground Media, Inc.<\/p>\n\n\n\n<p><strong>*A\u00f1o&nbsp;<\/strong>: 2009<\/p>\n\n\n\n<p><strong>*Sinopsis&nbsp;<\/strong>: \u201c&nbsp;<em>\u00a1SUCIEDAD!&nbsp;La Pel\u00edcula<\/em>&nbsp;\u2013narrada por Jamie Lee Curtis\u2013 da vida al impacto ambiental, econ\u00f3mico, social y pol\u00edtico que tiene el suelo.&nbsp;Comparte las historias de expertos de todo el mundo que estudian y son capaces de aprovechar la belleza y el poder de una relaci\u00f3n respetuosa y mutuamente beneficiosa con el suelo.&nbsp;Pero m\u00e1s que la pel\u00edcula y las lecciones que ense\u00f1a,&nbsp;<em>\u00a1SUCIEDAD!&nbsp;La pel\u00edcula<\/em>&nbsp;es una llamada a la acci\u00f3n.&nbsp;\u201cCuando llegaron los humanos hace 2 millones de a\u00f1os, todo cambi\u00f3 por tierra.&nbsp;Y a partir de ese momento, el destino de la suciedad y el de los humanos ha estado \u00edntimamente ligado\u201d.&nbsp;\u00bfC\u00f3mo puedes afectar esa relaci\u00f3n para mejor?\u201d<\/p>\n\n\n\n<p><strong>*Tr\u00e1iler&nbsp;<\/strong>:&nbsp;<a href=\"https:\/\/translate.google.com\/website?sl=auto&amp;tl=es&amp;hl=fr&amp;client=webapp&amp;u=http:\/\/www.dirtthemovie.org\/the-film\/\">http:\/\/www.dirtthemovie.org\/the-film\/<\/a><\/p>\n\n\n\n<div class=\"wp-block-image\"><figure class=\"alignleft\"><a href=\"https:\/\/www-sustainablesweden-org.translate.goog\/wp-content\/uploads\/2019\/05\/421087.jpg-c_215_290_x-f_jpg-q_x-xxyxx.jpg?_x_tr_sl=auto&amp;_x_tr_tl=es&amp;_x_tr_hl=fr&amp;_x_tr_pto=wapp&amp;_x_tr_sch=http\"><img decoding=\"async\" loading=\"lazy\" width=\"215\" height=\"290\" src=\"https:\/\/www-sustainablesweden-org.translate.goog\/wp-content\/uploads\/2019\/05\/421087.jpg-c_215_290_x-f_jpg-q_x-xxyxx.jpg?_x_tr_sl=auto&amp;_x_tr_tl=es&amp;_x_tr_hl=fr&amp;_x_tr_pto=wapp&amp;_x_tr_sch=http\" alt=\"\" class=\"wp-image-1667\"\/><\/a><\/figure><\/div>\n\n\n\n<p><strong><em>*T\u00edtulo:&nbsp;<\/em><\/strong><em>HUMANO<\/em><\/p>\n\n\n\n<p><strong>*Director&nbsp;<\/strong>: Yann-Arthus Bertrand,<\/p>\n\n\n\n<p><strong>*Productor&nbsp;<\/strong>: Fundaci\u00f3n Bettencourt Schueller, Fundaci\u00f3n GoodPlanet<\/p>\n\n\n\n<p><strong>*A\u00f1o&nbsp;<\/strong>: 2015<\/p>\n\n\n\n<p><strong>*Sinopsis&nbsp;<\/strong>: \u201c&nbsp;<em>HUMAN<\/em>&nbsp;es un d\u00edptico de historias e im\u00e1genes de nuestro mundo para crear una inmersi\u00f3n en lo m\u00e1s profundo del ser humano.&nbsp;A trav\u00e9s de testimonios llenos de amor, alegr\u00eda, pero tambi\u00e9n odio y violencia,&nbsp;<em>HUMAN<\/em>&nbsp;nos confronta con el Otro y nos remite a nuestra propia vida.&nbsp;Desde la historia m\u00e1s peque\u00f1a de la vida cotidiana hasta las historias de vida m\u00e1s incre\u00edbles, estos encuentros conmovedores y rara vez sinceros resaltan qui\u00e9nes somos, nuestra parte m\u00e1s oscura pero tambi\u00e9n lo que tenemos de m\u00e1s hermoso y universal.&nbsp;La Tierra, nuestra Tierra, se sublima a trav\u00e9s de im\u00e1genes a\u00e9reas in\u00e9ditas acompa\u00f1adas de m\u00fasica a modo de \u00f3pera, que dan testimonio de la belleza del mundo y nos ofrecen momentos de respiraci\u00f3n e introspecci\u00f3n.&nbsp;<em>HUMANO<\/em>es un trabajo comprometido que nos permite abrazar la condici\u00f3n humana y reflexionar sobre el sentido mismo de nuestra existencia\u201d.<\/p>\n\n\n\n<p><strong>*Tr\u00e1iler&nbsp;<\/strong>:&nbsp;<a href=\"https:\/\/translate.google.com\/website?sl=auto&amp;tl=es&amp;hl=fr&amp;client=webapp&amp;u=https:\/\/www.youtube.com\/watch?v%3D0-Retnj3TsA\">https:\/\/www.youtube.com\/watch?v=0-Retnj3TsA<\/a><\/p>\n\n\n\n<div class=\"wp-block-image\"><figure class=\"alignleft\"><a href=\"https:\/\/www-sustainablesweden-org.translate.goog\/wp-content\/uploads\/2019\/05\/This_Changes_Everything_poster.jpg?_x_tr_sl=auto&amp;_x_tr_tl=es&amp;_x_tr_hl=fr&amp;_x_tr_pto=wapp&amp;_x_tr_sch=http\"><img decoding=\"async\" loading=\"lazy\" width=\"202\" height=\"300\" src=\"https:\/\/www-sustainablesweden-org.translate.goog\/wp-content\/uploads\/2019\/05\/This_Changes_Everything_poster-202x300.jpg?_x_tr_sl=auto&amp;_x_tr_tl=es&amp;_x_tr_hl=fr&amp;_x_tr_pto=wapp&amp;_x_tr_sch=http\" alt=\"\" class=\"wp-image-1668\" srcset=\"https:\/\/www.sustainablesweden.org\/wp-content\/uploads\/2019\/05\/This_Changes_Everything_poster-202x300.jpg 202w, https:\/\/www.sustainablesweden.org\/wp-content\/uploads\/2019\/05\/This_Changes_Everything_poster.jpg 220w\" sizes=\"(max-width: 202px) 100vw, 202px\" \/><\/a><\/figure><\/div>\n\n\n\n<p><strong>*T\u00edtulo&nbsp;:&nbsp;<\/strong>Esto&nbsp;<em>lo cambia todo<\/em><\/p>\n\n\n\n<p><strong>*Director&nbsp;<\/strong>: Avi Lewis<\/p>\n\n\n\n<p><strong>*Productor&nbsp;<\/strong>: Klein Lewis Productions<\/p>\n\n\n\n<p><strong>*A\u00f1o&nbsp;<\/strong>: 2015<\/p>\n\n\n\n<p><strong>*Sinopsis&nbsp;<\/strong>: \u201cY si luchar contra la crisis clim\u00e1tica es la mejor oportunidad, \u00bfalguna vez tendremos que construir un mundo mejor?&nbsp;Filmado en 211 d\u00edas de rodaje en 9 pa\u00edses y 5 continentes durante 4 a\u00f1os,&nbsp;<em>Esto lo cambia todo<\/em>&nbsp;es un intento \u00e9pico de volver a imaginar el inmenso desaf\u00edo del calentamiento global.&nbsp;Siete retratos de comunidades de primera l\u00ednea, desde la cuenca del r\u00edo Powder en Montana hasta las arenas bituminosas de Alberta, desde la costa sur de la India hasta Beijing y m\u00e1s all\u00e1: la narrativa de Naomi Klein entrelaza estas historias de lucha, vinculando la presencia de carbono en el aire y el sistema econ\u00f3mico que lo gener\u00f3.&nbsp;Naomi Klein construye su idea m\u00e1s controvertida y emocionante: que podemos aprovechar la crisis existencial del cambio clim\u00e1tico para convertir nuestro fallido sistema econ\u00f3mico en un nuevo sistema radicalmente mejor\u201d.<\/p>\n\n\n\n<p><strong>*Tr\u00e1iler&nbsp;<\/strong>:&nbsp;<a href=\"https:\/\/translate.google.com\/website?sl=auto&amp;tl=es&amp;hl=fr&amp;client=webapp&amp;u=https:\/\/www.youtube.com\/watch?v%3DIpuSt_ST4_U\">https:\/\/www.youtube.com\/watch?v=IpuSt_ST4_U<\/a><\/p>\n\n\n\n<div class=\"wp-block-image\"><figure class=\"alignleft\"><a href=\"https:\/\/www-sustainablesweden-org.translate.goog\/wp-content\/uploads\/2019\/05\/Cowspiracy_poster.jpg?_x_tr_sl=auto&amp;_x_tr_tl=es&amp;_x_tr_hl=fr&amp;_x_tr_pto=wapp&amp;_x_tr_sch=http\"><img decoding=\"async\" loading=\"lazy\" width=\"201\" height=\"300\" src=\"https:\/\/www-sustainablesweden-org.translate.goog\/wp-content\/uploads\/2019\/05\/Cowspiracy_poster-201x300.jpg?_x_tr_sl=auto&amp;_x_tr_tl=es&amp;_x_tr_hl=fr&amp;_x_tr_pto=wapp&amp;_x_tr_sch=http\" alt=\"\" class=\"wp-image-1669\" srcset=\"https:\/\/www.sustainablesweden.org\/wp-content\/uploads\/2019\/05\/Cowspiracy_poster-201x300.jpg 201w, https:\/\/www.sustainablesweden.org\/wp-content\/uploads\/2019\/05\/Cowspiracy_poster.jpg 220w\" sizes=\"(max-width: 201px) 100vw, 201px\" \/><\/a><\/figure><\/div>\n\n\n\n<p><strong>*T\u00edtulo&nbsp;<\/strong>:&nbsp;<strong>Cowspiracy&nbsp;<\/strong><em>: El secreto de la sostenibilidad<\/em><\/p>\n\n\n\n<p><strong>*Director&nbsp;<\/strong><strong><em>:<\/em><\/strong>&nbsp;Kip Andersen, Keegan Kuhn<\/p>\n\n\n\n<p><strong>*Productor:&nbsp;<\/strong>Kip Andersen<\/p>\n\n\n\n<p><strong>*A\u00f1o&nbsp;<\/strong>: 2014<\/p>\n\n\n\n<p><strong>*Sinopsis&nbsp;<\/strong>: \u201c&nbsp;<em>Cowspiracy: The Sustainability Secret<\/em>&nbsp;es un documental que explora el impacto de la agricultura animal en el medio ambiente e investiga las pol\u00edticas de las organizaciones ambientales sobre este tema.&nbsp;Las organizaciones ambientales investigadas en la pel\u00edcula incluyen Greenpeace, Sierra Club, Surfrider Foundation, Rainforest Action Network.&nbsp;La pel\u00edcula analiza varias preocupaciones ambientales, incluido el calentamiento global, el uso del agua, la deforestaci\u00f3n y las zonas muertas de los oc\u00e9anos, y sugiere que la agricultura animal es la principal fuente de destrucci\u00f3n ambiental\u201d.<\/p>\n\n\n\n<p><strong>*Tr\u00e1iler&nbsp;<\/strong>:&nbsp;<a href=\"https:\/\/translate.google.com\/website?sl=auto&amp;tl=es&amp;hl=fr&amp;client=webapp&amp;u=https:\/\/www.cowspiracy.com\/\">https:\/\/www.cowspiracy.com\/<\/a><br><\/p>\n","protected":false},"excerpt":{"rendered":"<p>Aqu\u00ed puede encontrar una selecci\u00f3n de pel\u00edculas inspiradoras que resaltan los desaf\u00edos que enfrenta la humanidad y el planeta.&nbsp;Son fuentes que permiten una toma de conciencia real de los problemas actuales, y tambi\u00e9n dan respuestas para avanzar hacia un mundo sostenible, antes de que sea demasiado tarde\u2026. *T\u00edtulo:&nbsp;La doctrina del shock * Director&nbsp;: Michael Winterbottom, [&hellip;]<\/p>\n","protected":false},"author":1,"featured_media":0,"parent":0,"menu_order":0,"comment_status":"closed","ping_status":"closed","template":"","meta":{"_et_pb_use_builder":"","_et_pb_old_content":"","_et_gb_content_width":"","footnotes":""},"_links":{"self":[{"href":"https:\/\/www.sustainablesweden.org\/index.php?rest_route=\/wp\/v2\/pages\/2466"}],"collection":[{"href":"https:\/\/www.sustainablesweden.org\/index.php?rest_route=\/wp\/v2\/pages"}],"about":[{"href":"https:\/\/www.sustainablesweden.org\/index.php?rest_route=\/wp\/v2\/types\/page"}],"author":[{"embeddable":true,"href":"https:\/\/www.sustainablesweden.org\/index.php?rest_route=\/wp\/v2\/users\/1"}],"replies":[{"embeddable":true,"href":"https:\/\/www.sustainablesweden.org\/index.php?rest_route=%2Fwp%2Fv2%2Fcomments&post=2466"}],"version-history":[{"count":1,"href":"https:\/\/www.sustainablesweden.org\/index.php?rest_route=\/wp\/v2\/pages\/2466\/revisions"}],"predecessor-version":[{"id":2467,"href":"https:\/\/www.sustainablesweden.org\/index.php?rest_route=\/wp\/v2\/pages\/2466\/revisions\/2467"}],"wp:attachment":[{"href":"https:\/\/www.sustainablesweden.org\/index.php?rest_route=%2Fwp%2Fv2%2Fmedia&parent=2466"}],"curies":[{"name":"wp","href":"https:\/\/api.w.org\/{rel}","templated":true}]}}